{"id":9516,"date":"2025-12-12T21:37:05","date_gmt":"2025-12-12T20:37:05","guid":{"rendered":"https:\/\/cyclepoitevin86.fr\/?page_id=9516"},"modified":"2025-12-20T18:29:02","modified_gmt":"2025-12-20T17:29:02","slug":"naudon-cyrille","status":"publish","type":"page","link":"https:\/\/cyclepoitevin86.fr\/index.php\/naudon-cyrille\/","title":{"rendered":"NAUDON Cyrille"},"content":{"rendered":"\n<p><a href=\"https:\/\/cyclepoitevin86.fr\/wp-admin\/edit.php?post_type=page\"><\/a><\/p>\n\n\n\n<p style=\"font-size:22px\">17\u00e8me du cyclo- cross \u00e0 l&rsquo;Am\u00e9ricaine de Poitiers (86) <\/p>\n","protected":false},"excerpt":{"rendered":"<p>17\u00e8me du cyclo- cross \u00e0 l&rsquo;Am\u00e9ricaine de Poitiers (86)<\/p>\n","protected":false},"author":1,"featured_media":0,"parent":0,"menu_order":0,"comment_status":"closed","ping_status":"closed","template":"","meta":{"footnotes":""},"class_list":["post-9516","page","type-page","status-publish","hentry"],"_links":{"self":[{"href":"https:\/\/cyclepoitevin86.fr\/index.php\/wp-json\/wp\/v2\/pages\/9516","targetHints":{"allow":["GET"]}}],"collection":[{"href":"https:\/\/cyclepoitevin86.fr\/index.php\/wp-json\/wp\/v2\/pages"}],"about":[{"href":"https:\/\/cyclepoitevin86.fr\/index.php\/wp-json\/wp\/v2\/types\/page"}],"author":[{"embeddable":true,"href":"https:\/\/cyclepoitevin86.fr\/index.php\/wp-json\/wp\/v2\/users\/1"}],"replies":[{"embeddable":true,"href":"https:\/\/cyclepoitevin86.fr\/index.php\/wp-json\/wp\/v2\/comments?post=9516"}],"version-history":[{"count":3,"href":"https:\/\/cyclepoitevin86.fr\/index.php\/wp-json\/wp\/v2\/pages\/9516\/revisions"}],"predecessor-version":[{"id":9559,"href":"https:\/\/cyclepoitevin86.fr\/index.php\/wp-json\/wp\/v2\/pages\/9516\/revisions\/9559"}],"wp:attachment":[{"href":"https:\/\/cyclepoitevin86.fr\/index.php\/wp-json\/wp\/v2\/media?parent=9516"}],"curies":[{"name":"wp","href":"https:\/\/api.w.org\/{rel}","templated":true}]}}