{"id":6485,"date":"2024-10-01T10:40:45","date_gmt":"2024-10-01T08:40:45","guid":{"rendered":"https:\/\/cyclepoitevin86.fr\/?page_id=6485"},"modified":"2026-04-19T21:23:20","modified_gmt":"2026-04-19T19:23:20","slug":"texier-yannis","status":"publish","type":"page","link":"https:\/\/cyclepoitevin86.fr\/index.php\/texier-yannis\/","title":{"rendered":"TEXIER Yannis"},"content":{"rendered":"<div class=\"wp-block-image\">\n<figure class=\"aligncenter size-large is-resized\"><img loading=\"lazy\" decoding=\"async\" width=\"683\" height=\"1024\" src=\"https:\/\/cyclepoitevin86.fr\/wp-content\/uploads\/2026\/03\/DSC_2857-683x1024.jpg\" alt=\"\" class=\"wp-image-9905\" style=\"width:276px;height:auto\" srcset=\"https:\/\/cyclepoitevin86.fr\/wp-content\/uploads\/2026\/03\/DSC_2857-683x1024.jpg 683w, https:\/\/cyclepoitevin86.fr\/wp-content\/uploads\/2026\/03\/DSC_2857-200x300.jpg 200w, https:\/\/cyclepoitevin86.fr\/wp-content\/uploads\/2026\/03\/DSC_2857-768x1152.jpg 768w, https:\/\/cyclepoitevin86.fr\/wp-content\/uploads\/2026\/03\/DSC_2857-1024x1536.jpg 1024w, https:\/\/cyclepoitevin86.fr\/wp-content\/uploads\/2026\/03\/DSC_2857-1365x2048.jpg 1365w, https:\/\/cyclepoitevin86.fr\/wp-content\/uploads\/2026\/03\/DSC_2857-scaled.jpg 1707w\" sizes=\"auto, (max-width: 683px) 100vw, 683px\" \/><figcaption class=\"wp-element-caption\">JCD<\/figcaption><\/figure>\n<\/div>\n\n\n<p class=\"has-text-align-center has-vivid-green-cyan-color has-text-color has-link-color wp-elements-41ce6f18079ad403937c93341b8a1267\" style=\"font-size:30px\"><strong><em>SAISON 2026 : <\/em><\/strong><\/p>\n\n\n\n<p style=\"font-size:22px\">8\u00e8me de Beaumont (86) <\/p>\n\n\n\n<p style=\"font-size:22px\">9\u00e8me de Pied Sec (86) <\/p>\n\n\n\n<p style=\"font-size:22px\">12\u00e8me du Prix Sanital de Ch\u00e2tellerault (86) 7<\/p>\n\n\n\n<p style=\"font-size:22px\">95\u00e8me de Dun le Palestel &#8211; 1\u00e8re manche Mini Tour Creusois (23)<\/p>\n\n\n\n<p class=\"has-text-align-center has-vivid-green-cyan-color has-text-color has-link-color wp-elements-0393ce506a21d3134481dc8b7d839da7\" style=\"font-size:30px\"><strong><em>SAISON 2025 : <\/em><\/strong><\/p>\n\n\n\n<p style=\"font-size:22px\">19\u00e8me de Beaumont (86)<\/p>\n\n\n\n<p style=\"font-size:22px\">20\u00e8me de La Germoni\u00e8re (86) <\/p>\n\n\n\n<p style=\"font-size:22px\">28\u00e8me du Prix Sanital de Ch\u00e2tellerault (86)<\/p>\n\n\n\n<p style=\"font-size:22px\">36\u00e8me de S\u00e8vres Anxaumont (86)  <\/p>\n\n\n\n<p style=\"font-size:22px\">38\u00e8me de Saint Christophe (86)<\/p>\n","protected":false},"excerpt":{"rendered":"<p>SAISON 2026 : 8\u00e8me de Beaumont (86) 9\u00e8me de Pied Sec (86) 12\u00e8me du Prix Sanital de Ch\u00e2tellerault (86) 7 95\u00e8me de Dun le Palestel &#8211; 1\u00e8re manche Mini Tour Creusois (23) SAISON 2025 : 19\u00e8me de Beaumont (86) 20\u00e8me de La Germoni\u00e8re (86) 28\u00e8me du Prix Sanital de Ch\u00e2tellerault (86) 36\u00e8me de S\u00e8vres Anxaumont [&hellip;]<\/p>\n","protected":false},"author":1,"featured_media":0,"parent":0,"menu_order":0,"comment_status":"closed","ping_status":"closed","template":"","meta":{"footnotes":""},"class_list":["post-6485","page","type-page","status-publish","hentry"],"_links":{"self":[{"href":"https:\/\/cyclepoitevin86.fr\/index.php\/wp-json\/wp\/v2\/pages\/6485","targetHints":{"allow":["GET"]}}],"collection":[{"href":"https:\/\/cyclepoitevin86.fr\/index.php\/wp-json\/wp\/v2\/pages"}],"about":[{"href":"https:\/\/cyclepoitevin86.fr\/index.php\/wp-json\/wp\/v2\/types\/page"}],"author":[{"embeddable":true,"href":"https:\/\/cyclepoitevin86.fr\/index.php\/wp-json\/wp\/v2\/users\/1"}],"replies":[{"embeddable":true,"href":"https:\/\/cyclepoitevin86.fr\/index.php\/wp-json\/wp\/v2\/comments?post=6485"}],"version-history":[{"count":10,"href":"https:\/\/cyclepoitevin86.fr\/index.php\/wp-json\/wp\/v2\/pages\/6485\/revisions"}],"predecessor-version":[{"id":10233,"href":"https:\/\/cyclepoitevin86.fr\/index.php\/wp-json\/wp\/v2\/pages\/6485\/revisions\/10233"}],"wp:attachment":[{"href":"https:\/\/cyclepoitevin86.fr\/index.php\/wp-json\/wp\/v2\/media?parent=6485"}],"curies":[{"name":"wp","href":"https:\/\/api.w.org\/{rel}","templated":true}]}}