{"id":6479,"date":"2024-10-01T10:39:03","date_gmt":"2024-10-01T08:39:03","guid":{"rendered":"https:\/\/cyclepoitevin86.fr\/?page_id=6479"},"modified":"2024-12-31T16:53:48","modified_gmt":"2024-12-31T15:53:48","slug":"effectif-2025-2","status":"publish","type":"page","link":"https:\/\/cyclepoitevin86.fr\/index.php\/effectif-2025-2\/","title":{"rendered":"Effectif 2025"},"content":{"rendered":"\n<p class=\"has-text-align-center\" style=\"font-size:30px\"><strong><mark style=\"background-color:rgba(0, 0, 0, 0)\" class=\"has-inline-color has-vivid-green-cyan-color\"><em>U13 :<\/em><\/mark><\/strong><\/p>\n\n\n\n<p style=\"font-size:22px\">Ettor\u00e9 BICHAUD<\/p>\n\n\n\n<p style=\"font-size:22px\">Antonin GRIMAL<\/p>\n\n\n\n<p style=\"font-size:22px\">Yannis GUIMPIER<\/p>\n\n\n\n<p style=\"font-size:22px\">Alfred TELLIER<\/p>\n\n\n\n<p style=\"font-size:22px\"><\/p>\n\n\n\n<p class=\"has-text-align-center\" style=\"font-size:30px\"><strong><em><mark style=\"background-color:rgba(0, 0, 0, 0)\" class=\"has-inline-color has-vivid-green-cyan-color\">U11 :<\/mark><\/em><\/strong><\/p>\n\n\n\n<p style=\"font-size:22px\">Rapha\u00ebl BOUIN METOIS <\/p>\n\n\n\n<p style=\"font-size:22px\">Valentin BOUIN METOIS<\/p>\n\n\n\n<p style=\"font-size:22px\">Maxime BREMOND<\/p>\n\n\n\n<p style=\"font-size:22px\">C\u00f4me DINDINAUD<\/p>\n\n\n\n<p style=\"font-size:22px\">Ilyam REECE<\/p>\n\n\n\n<p style=\"font-size:22px\">Nicolas SIMIONOVICI<\/p>\n\n\n\n<p class=\"has-text-align-center\" style=\"font-size:30px\"><strong><em><mark style=\"background-color:rgba(0, 0, 0, 0)\" class=\"has-inline-color has-vivid-green-cyan-color\">U9 :<\/mark><\/em><\/strong><\/p>\n\n\n\n<p style=\"font-size:22px\">Arthur BREMOND <\/p>\n\n\n\n<p style=\"font-size:22px\">Maxime DE LESTAPIS AUROUX<\/p>\n\n\n\n<p style=\"font-size:22px\">Thibault HAY<\/p>\n\n\n\n<p style=\"font-size:22px\">Isma\u00ebl JALLALI<\/p>\n\n\n\n<p style=\"font-size:22px\">Louis LAGEON<\/p>\n\n\n\n<p style=\"font-size:22px\">Marius PESCHER<\/p>\n\n\n\n<p style=\"font-size:22px\">Lili PROVOST<\/p>\n\n\n\n<p style=\"font-size:22px\">Antonin RONCHI<\/p>\n\n\n\n<p class=\"has-text-align-center\" style=\"font-size:30px\"><strong><em><mark style=\"background-color:rgba(0, 0, 0, 0)\" class=\"has-inline-color has-vivid-green-cyan-color\">U7 :<\/mark><\/em><\/strong><\/p>\n\n\n\n<p style=\"font-size:22px\">N\u00e9o BERTIN <\/p>\n\n\n\n<p style=\"font-size:22px\">Th\u00e9o GOICHON<\/p>\n","protected":false},"excerpt":{"rendered":"<p>U13 : Ettor\u00e9 BICHAUD Antonin GRIMAL Yannis GUIMPIER Alfred TELLIER U11 : Rapha\u00ebl BOUIN METOIS Valentin BOUIN METOIS Maxime BREMOND C\u00f4me DINDINAUD Ilyam REECE Nicolas SIMIONOVICI U9 : Arthur BREMOND Maxime DE LESTAPIS AUROUX Thibault HAY Isma\u00ebl JALLALI Louis LAGEON Marius PESCHER Lili PROVOST Antonin RONCHI U7 : N\u00e9o BERTIN Th\u00e9o GOICHON<\/p>\n","protected":false},"author":1,"featured_media":0,"parent":0,"menu_order":0,"comment_status":"closed","ping_status":"closed","template":"","meta":{"footnotes":""},"class_list":["post-6479","page","type-page","status-publish","hentry"],"_links":{"self":[{"href":"https:\/\/cyclepoitevin86.fr\/index.php\/wp-json\/wp\/v2\/pages\/6479","targetHints":{"allow":["GET"]}}],"collection":[{"href":"https:\/\/cyclepoitevin86.fr\/index.php\/wp-json\/wp\/v2\/pages"}],"about":[{"href":"https:\/\/cyclepoitevin86.fr\/index.php\/wp-json\/wp\/v2\/types\/page"}],"author":[{"embeddable":true,"href":"https:\/\/cyclepoitevin86.fr\/index.php\/wp-json\/wp\/v2\/users\/1"}],"replies":[{"embeddable":true,"href":"https:\/\/cyclepoitevin86.fr\/index.php\/wp-json\/wp\/v2\/comments?post=6479"}],"version-history":[{"count":10,"href":"https:\/\/cyclepoitevin86.fr\/index.php\/wp-json\/wp\/v2\/pages\/6479\/revisions"}],"predecessor-version":[{"id":6962,"href":"https:\/\/cyclepoitevin86.fr\/index.php\/wp-json\/wp\/v2\/pages\/6479\/revisions\/6962"}],"wp:attachment":[{"href":"https:\/\/cyclepoitevin86.fr\/index.php\/wp-json\/wp\/v2\/media?parent=6479"}],"curies":[{"name":"wp","href":"https:\/\/api.w.org\/{rel}","templated":true}]}}

<p class="has-text-align-center" style="font-size:30px"><strong><mark style="background-color:rgba(0, 0, 0, 0)" class="has-inline-color has-vivid-green-cyan-color"><em>U13 :</em></mark></strong></p>



<p style="font-size:22px">Ettoré BICHAUD</p>



<p style="font-size:22px">Antonin GRIMAL</p>



<p style="font-size:22px">Yannis GUIMPIER</p>



<p style="font-size:22px">Alfred TELLIER</p>



<p style="font-size:22px"></p>



<p class="has-text-align-center" style="font-size:30px"><strong><em><mark style="background-color:rgba(0, 0, 0, 0)" class="has-inline-color has-vivid-green-cyan-color">U11 :</mark></em></strong></p>



<p style="font-size:22px">Raphaël BOUIN METOIS </p>



<p style="font-size:22px">Valentin BOUIN METOIS</p>



<p style="font-size:22px">Maxime BREMOND</p>



<p style="font-size:22px">Côme DINDINAUD</p>



<p style="font-size:22px">Ilyam REECE</p>



<p style="font-size:22px">Nicolas SIMIONOVICI</p>



<p class="has-text-align-center" style="font-size:30px"><strong><em><mark style="background-color:rgba(0, 0, 0, 0)" class="has-inline-color has-vivid-green-cyan-color">U9 :</mark></em></strong></p>



<p style="font-size:22px">Arthur BREMOND </p>



<p style="font-size:22px">Maxime DE LESTAPIS AUROUX</p>



<p style="font-size:22px">Thibault HAY</p>



<p style="font-size:22px">Ismaël JALLALI</p>



<p style="font-size:22px">Louis LAGEON</p>



<p style="font-size:22px">Marius PESCHER</p>



<p style="font-size:22px">Lili PROVOST</p>



<p style="font-size:22px">Antonin RONCHI</p>



<p class="has-text-align-center" style="font-size:30px"><strong><em><mark style="background-color:rgba(0, 0, 0, 0)" class="has-inline-color has-vivid-green-cyan-color">U7 :</mark></em></strong></p>



<p style="font-size:22px">Néo BERTIN </p>



<p style="font-size:22px">Théo GOICHON</p>

<p>U13 : Ettoré BICHAUD Antonin GRIMAL Yannis GUIMPIER Alfred TELLIER U11 : Raphaël BOUIN METOIS Valentin BOUIN METOIS Maxime BREMOND Côme DINDINAUD Ilyam REECE Nicolas SIMIONOVICI U9 : Arthur BREMOND Maxime DE LESTAPIS AUROUX Thibault HAY Ismaël JALLALI Louis LAGEON Marius PESCHER Lili PROVOST Antonin RONCHI U7 : Néo BERTIN Théo GOICHON</p>
