{"id":500,"date":"2022-05-18T16:39:23","date_gmt":"2022-05-18T14:39:23","guid":{"rendered":"http:\/\/cyclepoitevin86.fr\/?page_id=500"},"modified":"2026-02-02T16:48:35","modified_gmt":"2026-02-02T15:48:35","slug":"gp-cycliste-de-montamise","status":"publish","type":"page","link":"https:\/\/cyclepoitevin86.fr\/index.php\/gp-cycliste-de-montamise\/","title":{"rendered":"GP Cycliste de Montamis\u00e9"},"content":{"rendered":"\n<p class=\"has-text-align-center has-vivid-red-color has-text-color\" style=\"font-size:30px\"><em><strong>Dimanche 14 Juin 2026 :<\/strong><\/em>\u00a0\u00a0<\/p>\n\n\n\n<p class=\"has-text-align-center\" style=\"font-size:24px\">D\u00e9tail d&rsquo;Organisation : <\/p>\n\n\n\n<p class=\"has-text-align-center\" style=\"font-size:24px\">Plan du Circuit :<\/p>\n\n\n\n<div data-wp-interactive=\"core\/file\" class=\"wp-block-file\"><object data-wp-bind--hidden=\"!state.hasPdfPreview\" hidden class=\"wp-block-file__embed\" data=\"https:\/\/cyclepoitevin86.fr\/wp-content\/uploads\/2024\/05\/Circuit.pdf\" type=\"application\/pdf\" style=\"width:100%;height:600px\" aria-label=\"Contenu embarqu\u00e9 Circuit.\"><\/object><a id=\"wp-block-file--media-b379d9b7-3696-4262-81b9-3834510622b7\" href=\"https:\/\/cyclepoitevin86.fr\/wp-content\/uploads\/2024\/05\/Circuit.pdf\">Circuit<\/a><a href=\"https:\/\/cyclepoitevin86.fr\/wp-content\/uploads\/2024\/05\/Circuit.pdf\" class=\"wp-block-file__button wp-element-button\" download aria-describedby=\"wp-block-file--media-b379d9b7-3696-4262-81b9-3834510622b7\">T\u00e9l\u00e9charger<\/a><\/div>\n\n\n\n<p class=\"has-text-align-center\" style=\"font-size:24px\">R\u00e8glement de l&rsquo;\u00e9preuve :<\/p>\n\n\n\n<p class=\"has-text-align-center\" style=\"font-size:24px\">R\u00e9sultats : <\/p>\n","protected":false},"excerpt":{"rendered":"<p>Dimanche 14 Juin 2026 :\u00a0\u00a0 D\u00e9tail d&rsquo;Organisation : Plan du Circuit : R\u00e8glement de l&rsquo;\u00e9preuve : R\u00e9sultats :<\/p>\n","protected":false},"author":1,"featured_media":0,"parent":0,"menu_order":0,"comment_status":"closed","ping_status":"closed","template":"","meta":{"footnotes":""},"class_list":["post-500","page","type-page","status-publish","hentry"],"_links":{"self":[{"href":"https:\/\/cyclepoitevin86.fr\/index.php\/wp-json\/wp\/v2\/pages\/500","targetHints":{"allow":["GET"]}}],"collection":[{"href":"https:\/\/cyclepoitevin86.fr\/index.php\/wp-json\/wp\/v2\/pages"}],"about":[{"href":"https:\/\/cyclepoitevin86.fr\/index.php\/wp-json\/wp\/v2\/types\/page"}],"author":[{"embeddable":true,"href":"https:\/\/cyclepoitevin86.fr\/index.php\/wp-json\/wp\/v2\/users\/1"}],"replies":[{"embeddable":true,"href":"https:\/\/cyclepoitevin86.fr\/index.php\/wp-json\/wp\/v2\/comments?post=500"}],"version-history":[{"count":12,"href":"https:\/\/cyclepoitevin86.fr\/index.php\/wp-json\/wp\/v2\/pages\/500\/revisions"}],"predecessor-version":[{"id":9720,"href":"https:\/\/cyclepoitevin86.fr\/index.php\/wp-json\/wp\/v2\/pages\/500\/revisions\/9720"}],"wp:attachment":[{"href":"https:\/\/cyclepoitevin86.fr\/index.php\/wp-json\/wp\/v2\/media?parent=500"}],"curies":[{"name":"wp","href":"https:\/\/api.w.org\/{rel}","templated":true}]}}