{"id":4438,"date":"2023-12-14T18:26:29","date_gmt":"2023-12-14T17:26:29","guid":{"rendered":"https:\/\/cyclepoitevin86.fr\/?page_id=4438"},"modified":"2026-04-04T21:38:01","modified_gmt":"2026-04-04T19:38:01","slug":"marx-orda-alexandre","status":"publish","type":"page","link":"https:\/\/cyclepoitevin86.fr\/index.php\/marx-orda-alexandre\/","title":{"rendered":"MARX ORDA Alexandre"},"content":{"rendered":"<div class=\"wp-block-image\">\n<figure class=\"aligncenter size-large is-resized\"><img loading=\"lazy\" decoding=\"async\" width=\"683\" height=\"1024\" src=\"https:\/\/cyclepoitevin86.fr\/wp-content\/uploads\/2026\/03\/DSC_2839-683x1024.jpg\" alt=\"\" class=\"wp-image-9890\" style=\"width:257px;height:auto\" srcset=\"https:\/\/cyclepoitevin86.fr\/wp-content\/uploads\/2026\/03\/DSC_2839-683x1024.jpg 683w, https:\/\/cyclepoitevin86.fr\/wp-content\/uploads\/2026\/03\/DSC_2839-200x300.jpg 200w, https:\/\/cyclepoitevin86.fr\/wp-content\/uploads\/2026\/03\/DSC_2839-768x1152.jpg 768w, https:\/\/cyclepoitevin86.fr\/wp-content\/uploads\/2026\/03\/DSC_2839-1024x1536.jpg 1024w, https:\/\/cyclepoitevin86.fr\/wp-content\/uploads\/2026\/03\/DSC_2839-1365x2048.jpg 1365w, https:\/\/cyclepoitevin86.fr\/wp-content\/uploads\/2026\/03\/DSC_2839-scaled.jpg 1707w\" sizes=\"auto, (max-width: 683px) 100vw, 683px\" \/><figcaption class=\"wp-element-caption\">JCD<\/figcaption><\/figure>\n<\/div>\n\n\n<p class=\"has-text-align-center has-vivid-green-cyan-color has-text-color has-link-color wp-elements-6a5d9452363ae40c60ac396eafa9b69d\" style=\"font-size:30px\"><strong><em>SAISON 2026 :<\/em><\/strong><\/p>\n\n\n\n<p style=\"font-size:22px\">7\u00e8me de Beaumont (86) <\/p>\n\n\n\n<p style=\"font-size:22px\">15\u00e8me du Prix Sanital de Ch\u00e2tellerault (86)<\/p>\n\n\n\n<p class=\"has-text-align-center has-vivid-green-cyan-color has-text-color has-link-color wp-elements-03bcabc3285eb191e4e8295530d1b836\" style=\"font-size:28px\"><em><strong>SAISON 2025 : <\/strong><\/em><\/p>\n\n\n\n<p style=\"font-size:22px\">3\u00e8me du Championnat D\u00e9partemental Contre la Montre des U15<\/p>\n\n\n\n<p style=\"font-size:22px\">3\u00e8me de Taponnat (16)<\/p>\n\n\n\n<p style=\"font-size:22px\">3\u00e8me du Chrono Ch\u00e2telleraudais (86) <\/p>\n\n\n\n<p style=\"font-size:22px\">5\u00e8me de Mar\u00e7ay (86)<\/p>\n\n\n\n<p style=\"font-size:22px\">6\u00e8me de St Gervais les 3 Clochers (86) <\/p>\n\n\n\n<p style=\"font-size:22px\">8\u00e8me de S\u00e8vres Anxaumont (86)<\/p>\n\n\n\n<p style=\"font-size:22px\">13\u00e8me de La Germoni\u00e8re (86) <\/p>\n\n\n\n<p style=\"font-size:22px\">15\u00e8me du Mini Tour de St L\u00e9ger la Pallu (86)<\/p>\n\n\n\n<p class=\"has-text-align-center has-vivid-green-cyan-color has-text-color has-link-color wp-elements-5746fd33b80dc5b465ac0367efdc338e\" style=\"font-size:28px\"><strong><em>SAISON 2024 :<\/em><\/strong><\/p>\n\n\n\n<p style=\"font-size:22px\">14\u00e8me du Mini Tour Haut Poitou \u00e0 St L\u00e9ger la Pallu (86)<\/p>\n\n\n\n<p style=\"font-size:22px\">16\u00e8me de Ch\u00e2tellerault (86) <\/p>\n","protected":false},"excerpt":{"rendered":"<p>SAISON 2026 : 7\u00e8me de Beaumont (86) 15\u00e8me du Prix Sanital de Ch\u00e2tellerault (86) SAISON 2025 : 3\u00e8me du Championnat D\u00e9partemental Contre la Montre des U15 3\u00e8me de Taponnat (16) 3\u00e8me du Chrono Ch\u00e2telleraudais (86) 5\u00e8me de Mar\u00e7ay (86) 6\u00e8me de St Gervais les 3 Clochers (86) 8\u00e8me de S\u00e8vres Anxaumont (86) 13\u00e8me de La [&hellip;]<\/p>\n","protected":false},"author":1,"featured_media":0,"parent":0,"menu_order":0,"comment_status":"closed","ping_status":"closed","template":"","meta":{"footnotes":""},"class_list":["post-4438","page","type-page","status-publish","hentry"],"_links":{"self":[{"href":"https:\/\/cyclepoitevin86.fr\/index.php\/wp-json\/wp\/v2\/pages\/4438","targetHints":{"allow":["GET"]}}],"collection":[{"href":"https:\/\/cyclepoitevin86.fr\/index.php\/wp-json\/wp\/v2\/pages"}],"about":[{"href":"https:\/\/cyclepoitevin86.fr\/index.php\/wp-json\/wp\/v2\/types\/page"}],"author":[{"embeddable":true,"href":"https:\/\/cyclepoitevin86.fr\/index.php\/wp-json\/wp\/v2\/users\/1"}],"replies":[{"embeddable":true,"href":"https:\/\/cyclepoitevin86.fr\/index.php\/wp-json\/wp\/v2\/comments?post=4438"}],"version-history":[{"count":14,"href":"https:\/\/cyclepoitevin86.fr\/index.php\/wp-json\/wp\/v2\/pages\/4438\/revisions"}],"predecessor-version":[{"id":10123,"href":"https:\/\/cyclepoitevin86.fr\/index.php\/wp-json\/wp\/v2\/pages\/4438\/revisions\/10123"}],"wp:attachment":[{"href":"https:\/\/cyclepoitevin86.fr\/index.php\/wp-json\/wp\/v2\/media?parent=4438"}],"curies":[{"name":"wp","href":"https:\/\/api.w.org\/{rel}","templated":true}]}}