{"id":3997,"date":"2023-10-09T18:37:34","date_gmt":"2023-10-09T16:37:34","guid":{"rendered":"http:\/\/cyclepoitevin86.fr\/?page_id=3997"},"modified":"2024-03-18T19:10:52","modified_gmt":"2024-03-18T18:10:52","slug":"effectif-2024","status":"publish","type":"page","link":"https:\/\/cyclepoitevin86.fr\/index.php\/effectif-2024\/","title":{"rendered":"Effectif 2024"},"content":{"rendered":"\n<p class=\"has-text-align-center\" style=\"font-size:30px\"><strong><mark style=\"background-color:rgba(0, 0, 0, 0)\" class=\"has-inline-color has-vivid-green-cyan-color\"><em>U13 :<\/em><\/mark><\/strong><\/p>\n\n\n\n<p style=\"font-size:22px\">BECQUET Adam<\/p>\n\n\n\n<p style=\"font-size:22px\">BICHAUD Ettor\u00e9 <\/p>\n\n\n\n<p style=\"font-size:22px\">CHAMMEREAU Louis<\/p>\n\n\n\n<p style=\"font-size:22px\">TRIBOT Louis<\/p>\n\n\n\n<p class=\"has-text-align-center\" style=\"font-size:30px\"><strong><em><mark style=\"background-color:rgba(0, 0, 0, 0)\" class=\"has-inline-color has-vivid-green-cyan-color\">U11 :<\/mark><\/em><\/strong><\/p>\n\n\n\n<p style=\"font-size:22px\">BACHIRU Lina<\/p>\n\n\n\n<p style=\"font-size:22px\">BREMOND Maxime <\/p>\n\n\n\n<p style=\"font-size:22px\">DINDINAUD C\u00f4me<\/p>\n\n\n\n<p style=\"font-size:22px\">DOLLE Ana\u00efs<\/p>\n\n\n\n<p style=\"font-size:22px\">GUIMPIER Yannis <\/p>\n\n\n\n<p style=\"font-size:22px\">HENNEQUIN Constance<\/p>\n\n\n\n<p style=\"font-size:22px\">KIMADZE Sandro<\/p>\n\n\n\n<p style=\"font-size:22px\">TRANCHANT Martin<\/p>\n\n\n\n<p class=\"has-text-align-center\" style=\"font-size:30px\"><strong><em><mark style=\"background-color:rgba(0, 0, 0, 0)\" class=\"has-inline-color has-vivid-green-cyan-color\">U9 :<\/mark><\/em><\/strong><\/p>\n\n\n\n<p style=\"font-size:22px\">HAY Thibault<\/p>\n\n\n\n<p style=\"font-size:22px\">LAGEON Louis <\/p>\n\n\n\n<p style=\"font-size:22px\">MARIE Noan <\/p>\n\n\n\n<p style=\"font-size:22px\">PROVOST Lili<\/p>\n\n\n\n<p class=\"has-text-align-center\" style=\"font-size:30px\"><strong><em><mark style=\"background-color:rgba(0, 0, 0, 0)\" class=\"has-inline-color has-vivid-green-cyan-color\">U7 :<\/mark><\/em><\/strong><\/p>\n\n\n\n<p style=\"font-size:22px\">BREMOND Arthur <\/p>\n\n\n\n<p style=\"font-size:22px\">DE LESTAPIS AUROUX Maxime<\/p>\n\n\n\n<p style=\"font-size:22px\">PESCHER Marius <\/p>\n\n\n\n<p style=\"font-size:22px\">SOROURI Shady<\/p>\n","protected":false},"excerpt":{"rendered":"<p>U13 : BECQUET Adam BICHAUD Ettor\u00e9 CHAMMEREAU Louis TRIBOT Louis U11 : BACHIRU Lina BREMOND Maxime DINDINAUD C\u00f4me DOLLE Ana\u00efs GUIMPIER Yannis HENNEQUIN Constance KIMADZE Sandro TRANCHANT Martin U9 : HAY Thibault LAGEON Louis MARIE Noan PROVOST Lili U7 : BREMOND Arthur DE LESTAPIS AUROUX Maxime PESCHER Marius SOROURI Shady<\/p>\n","protected":false},"author":1,"featured_media":0,"parent":0,"menu_order":0,"comment_status":"closed","ping_status":"closed","template":"","meta":{"footnotes":""},"class_list":["post-3997","page","type-page","status-publish","hentry"],"_links":{"self":[{"href":"https:\/\/cyclepoitevin86.fr\/index.php\/wp-json\/wp\/v2\/pages\/3997","targetHints":{"allow":["GET"]}}],"collection":[{"href":"https:\/\/cyclepoitevin86.fr\/index.php\/wp-json\/wp\/v2\/pages"}],"about":[{"href":"https:\/\/cyclepoitevin86.fr\/index.php\/wp-json\/wp\/v2\/types\/page"}],"author":[{"embeddable":true,"href":"https:\/\/cyclepoitevin86.fr\/index.php\/wp-json\/wp\/v2\/users\/1"}],"replies":[{"embeddable":true,"href":"https:\/\/cyclepoitevin86.fr\/index.php\/wp-json\/wp\/v2\/comments?post=3997"}],"version-history":[{"count":12,"href":"https:\/\/cyclepoitevin86.fr\/index.php\/wp-json\/wp\/v2\/pages\/3997\/revisions"}],"predecessor-version":[{"id":5044,"href":"https:\/\/cyclepoitevin86.fr\/index.php\/wp-json\/wp\/v2\/pages\/3997\/revisions\/5044"}],"wp:attachment":[{"href":"https:\/\/cyclepoitevin86.fr\/index.php\/wp-json\/wp\/v2\/media?parent=3997"}],"curies":[{"name":"wp","href":"https:\/\/api.w.org\/{rel}","templated":true}]}}