{"id":341,"date":"2022-05-18T15:31:43","date_gmt":"2022-05-18T13:31:43","guid":{"rendered":"http:\/\/cyclepoitevin86.fr\/?page_id=341"},"modified":"2023-05-02T15:13:25","modified_gmt":"2023-05-02T13:13:25","slug":"abramov-nikita","status":"publish","type":"page","link":"https:\/\/cyclepoitevin86.fr\/index.php\/abramov-nikita\/","title":{"rendered":"ABRAMOV Nikita"},"content":{"rendered":"\n<p class=\"has-text-align-center\" style=\"font-size:28px\"><strong><em><mark style=\"background-color:rgba(0, 0, 0, 0)\" class=\"has-inline-color has-vivid-green-cyan-color\">SAISON 2023 :<\/mark><\/em><\/strong><\/p>\n\n\n\n<p style=\"font-size:22px\">87\u00e8me de Villedubert (31)<\/p>\n\n\n\n<p class=\"has-text-align-center\" style=\"font-size:28px\"><strong><em><mark style=\"background-color:rgba(0, 0, 0, 0)\" class=\"has-inline-color has-vivid-green-cyan-color\">SAISON 2022 :<\/mark><\/em><\/strong><\/p>\n\n\n\n<p style=\"font-size:24px\">18\u00e8me de Soutiers (79)<\/p>\n\n\n\n<p style=\"font-size:24px\">28\u00e8me de Gourg\u00e9 (79)&nbsp;<\/p>\n\n\n\n<p style=\"font-size:24px\">28\u00e8me de Bressuire (79)<\/p>\n\n\n\n<p style=\"font-size:24px\">37\u00e8me du Ch\u00e2teau d&rsquo;Olonne (85)<\/p>\n\n\n\n<p style=\"font-size:24px\">37\u00e8me de Brie sous matha (17)<\/p>\n\n\n\n<p style=\"font-size:24px\">39\u00e8me de la Nocturne du Sanital (86) <\/p>\n\n\n\n<p style=\"font-size:24px\">42\u00e8me de la Ronde Vouglaisienne (86)&nbsp;<\/p>\n\n\n\n<p style=\"font-size:24px\">68\u00e8me&nbsp;du Prix du Futuroscope (86)<\/p>\n\n\n\n<p style=\"font-size:24px\">81\u00e8me du Prix d&rsquo;Ouverture de Ch\u00e2tellerault (86)<\/p>\n","protected":false},"excerpt":{"rendered":"<p>SAISON 2023 : 87\u00e8me de Villedubert (31) SAISON 2022 : 18\u00e8me de Soutiers (79) 28\u00e8me de Gourg\u00e9 (79)&nbsp; 28\u00e8me de Bressuire (79) 37\u00e8me du Ch\u00e2teau d&rsquo;Olonne (85) 37\u00e8me de Brie sous matha (17) 39\u00e8me de la Nocturne du Sanital (86) 42\u00e8me de la Ronde Vouglaisienne (86)&nbsp; 68\u00e8me&nbsp;du Prix du Futuroscope (86) 81\u00e8me du Prix d&rsquo;Ouverture [&hellip;]<\/p>\n","protected":false},"author":1,"featured_media":0,"parent":0,"menu_order":0,"comment_status":"closed","ping_status":"closed","template":"","meta":{"footnotes":""},"class_list":["post-341","page","type-page","status-publish","hentry"],"_links":{"self":[{"href":"https:\/\/cyclepoitevin86.fr\/index.php\/wp-json\/wp\/v2\/pages\/341","targetHints":{"allow":["GET"]}}],"collection":[{"href":"https:\/\/cyclepoitevin86.fr\/index.php\/wp-json\/wp\/v2\/pages"}],"about":[{"href":"https:\/\/cyclepoitevin86.fr\/index.php\/wp-json\/wp\/v2\/types\/page"}],"author":[{"embeddable":true,"href":"https:\/\/cyclepoitevin86.fr\/index.php\/wp-json\/wp\/v2\/users\/1"}],"replies":[{"embeddable":true,"href":"https:\/\/cyclepoitevin86.fr\/index.php\/wp-json\/wp\/v2\/comments?post=341"}],"version-history":[{"count":7,"href":"https:\/\/cyclepoitevin86.fr\/index.php\/wp-json\/wp\/v2\/pages\/341\/revisions"}],"predecessor-version":[{"id":2940,"href":"https:\/\/cyclepoitevin86.fr\/index.php\/wp-json\/wp\/v2\/pages\/341\/revisions\/2940"}],"wp:attachment":[{"href":"https:\/\/cyclepoitevin86.fr\/index.php\/wp-json\/wp\/v2\/media?parent=341"}],"curies":[{"name":"wp","href":"https:\/\/api.w.org\/{rel}","templated":true}]}}